{"id":209,"date":"2017-11-03T00:39:06","date_gmt":"2017-11-03T00:39:06","guid":{"rendered":"https:\/\/demo.tamnguyen.vn\/dulich\/?page_id=209"},"modified":"2019-05-07T22:51:32","modified_gmt":"2019-05-07T15:51:32","slug":"gioi-thieu","status":"publish","type":"page","link":"https:\/\/demo.tamnguyen.vn\/dulich\/gioi-thieu\/","title":{"rendered":"Gi\u1edbi thi\u1ec7u"},"content":{"rendered":"<div class=\"page-header\">\n<h1 class=\"artical-title\">C\u00d4NG TY C\u1ed4 PH\u1ea6N QU\u1ed0C T\u1ebe &amp; DU L\u1ecaCH VI\u1ec6T<\/h1>\n<\/div>\n<div>\n<p><strong>1. L\u0129nh v\u1ef1c ho\u1ea1t \u0111\u1ed9ng<\/strong><\/p>\n<p>&#8211; Kinh doanh l\u1eef h\u00e0nh n\u1ed9i \u0111\u1ecba v\u00e0 qu\u1ed1c t\u1ebf<\/p>\n<p>&#8211; D\u1ecbch v\u1ee5 v\u00e9 m\u00e1y bay<\/p>\n<p>&#8211; Trung t\u00e2m t\u1ed5 ch\u1ee9c s\u1ef1 ki\u1ec7n\u2013 MICE<\/p>\n<p>&#8211; Trung t\u00e2m du h\u1ecdc v\u00e0 d\u1ecbch v\u1ee5 visa<\/p>\n<p>&#8211; Trung t\u00e2m v\u1eadn chuy\u1ec3n<\/p>\n<p>&#8211; Kinh doanh d\u1ecbch v\u1ee5 nh\u00e0 h\u00e0ng, kh\u00e1ch s\u1ea1n<\/p>\n<p>&#8211; S\u1ea3n xu\u1ea5t bao b\u00ec<\/p>\n<p>&#8211; T\u01b0 v\u1ea5n t\u00e0i ch\u00ednh, b\u1ea5t \u0111\u1ed9ng s\u1ea3n&#8230;<\/p>\n<p><strong>2. M\u1ea1ng l\u01b0\u1edbi quan h\u1ec7 \u0111\u1ed1i t\u00e1c:<\/strong><\/p>\n<p>&#8211; Viet Tourism ph\u00e1t tri\u1ec3n m\u1ea1nh l\u00e0 d\u1ef1a tr\u00ean nh\u1eefng quan h\u1ec7 ch\u1eb7t ch\u1ebd v\u1edbi c\u00e1c \u0111\u1ed1i t\u00e1c trong v\u00e0 ngo\u00e0i n\u01b0\u1edbc , t\u1ea1o \u0111\u01b0\u1ee3c uy t\u00edn trong l\u00f2ng kh\u00e1ch h\u00e0ng khi \u0111\u00e3 v\u00e0 \u0111ang tham gia nh\u1eefng ch\u01b0\u01a1ng tr\u00ecnh c\u1ee7a c\u00f4ng ty. V\u1edbi ch\u00fang t\u00f4i ch\u1ea5t l\u01b0\u1ee3ng, uy t\u00edn lu\u00f4n l\u00e0 ni\u1ec1m t\u1ef1 h\u00e0o c\u1ee7a c\u00f4ng ty.<\/p>\n<p>&#8211; L\u00e0 th\u00e0nh vi\u00ean ch\u00ednh th\u1ee9c c\u1ee7a c\u00e1c hi\u1ec7p h\u1ed9i du l\u1ecbch, h\u00e0ng kh\u00f4ng trong n\u01b0\u1edbc v\u00e0 qu\u1ed1c t\u1ebf.<\/p>\n<p><strong>3. L\u1eddi ng\u1ecf:<\/strong><\/p>\n<p>&#8211; L\u1eddi \u0111\u1ea7u ti\u00ean, c\u00f4ng ty du l\u1ecbch Vi\u1ec7t Vi\u1ec7t xin g\u1eedi l\u1eddi ch\u00e0o th\u00e2n \u00e1i \u0111\u1ebfn qu\u00fd kh\u00e1ch h\u00e0ng v\u00e0 \u0111\u1ed1i t\u00e1c. K\u00ednh ch\u00fac qu\u00fd kh\u00e1ch h\u00e0ng v\u00e0 \u0111\u1ed1i t\u00e1c lu\u00f4n d\u1ed3i d\u00e0o s\u1ee9c kh\u1ecfe v\u00e0 th\u00e0nh c\u00f4ng.<\/p>\n<p>&#8211; V\u1edbi ho\u1ea1t \u0111\u1ed9ng kinh doanh ban \u0111\u1ea7u l\u00e0 t\u1ed5 ch\u1ee9c c\u00e1c ch\u01b0\u01a1ng tr\u00ecnh du l\u1ecbch cho du kh\u00e1ch n\u01b0\u1edbc ngo\u00e0i v\u00e0o tham quan Vi\u1ec7t Nam, \u0111\u1ebfn nay tr\u1ea3i qua nh\u1eefng n\u0103m x\u00e2y d\u1ef1ng v\u00e0 ph\u00e1t tri\u1ec3n, ch\u00fang t\u00f4i kh\u00f4ng ng\u1eebng c\u1ea3i ti\u1ebfn v\u00e0 n\u00e2ng c\u1ea5p d\u1ecbch v\u1ee5 ng\u00e0y m\u1ed9t ho\u00e0n thi\u1ec7n h\u01a1n v\u00e0 tr\u1edf th\u00e0nh m\u1ed9t trong nh\u1eefng c\u00f4ng ty \u0111\u01b0\u1ee3c kh\u00e1ch h\u00e0ng v\u00e0 \u0111\u1ed1i t\u00e1c l\u1ef1a ch\u1ecdn v\u00e0 tin c\u1eady trong ng\u00e0nh du l\u1ecbch n\u01b0\u1edbc nh\u00e0. L\u0129nh v\u1ef1c kinh doanh ng\u00e0y c\u00e0ng \u0111\u01b0\u1ee3c m\u1edf r\u1ed9ng: kinh doanh du l\u1ecbch trong v\u00e0 ngo\u00e0i n\u01b0\u1edbc, cung c\u1ea5p v\u00e9 m\u00e1y bay, d\u1ecbch v\u1ee5 kh\u00e1ch s\u1ea1n, nh\u00e0 h\u00e0ng, t\u1ed5 ch\u1ee9c s\u1ef1 ki\u1ec7n (MICE), Du h\u1ecdc, t\u01b0 v\u1ea5n t\u00e0i ch\u00ednh, s\u1ea3n xu\u1ea5t bao b\u00ec .v.v&#8230; C\u00f4ng ty c\u0169ng \u0111\u00e3 x\u00e2y d\u1ef1ng \u0111\u01b0\u1ee3c m\u1ed9t h\u1ec7 th\u1ed1ng li\u00ean k\u1ebft ch\u1eb7t ch\u1ebd gi\u1eefa \u0111\u1ed1c t\u00e1c trong v\u00e0 ngo\u00e0i n\u01b0\u1edbc m\u1ed9t c\u00e1ch hi\u1ec7u qu\u1ea3.<\/p>\n<p>&#8211; V\u1edbi ph\u01b0\u01a1ng ch\u00e2m &#8220;Kh\u00f4ng ng\u1eebng c\u1ea3i ti\u1ebfn , kh\u00f4ng ng\u1eebng s\u00e1ng t\u1ea1o&#8221; c\u00f9ng v\u1edbi nh\u1eefng ch\u00ednh s\u00e1ch \u0111a d\u1ea1ng h\u00f3a s\u1ea3n ph\u1ea9m v\u00e0 l\u1ee3i th\u1ebf s\u1eb3n c\u00f3 c\u1ee7a c\u00f4ng ty, ch\u00fang t\u00f4i b\u1ea3o \u0111\u1ea3m th\u1ef1c hi\u1ec7n \u0111\u00fang nh\u1eefng cam k\u1ebft c\u1ee7a m\u00ecnh.<\/p>\n<p><strong>4.T\u1ea7m nh\u00ecn v\u00e0 s\u1ee9 m\u1ec7nh:<\/strong><\/p>\n<p>&#8211; C\u00f4ng ty du l\u1ecbch Vi\u1ec7t c\u00f9ng to\u00e0n th\u1ec3 nh\u00e2n vi\u00ean c\u00f4ng ty lu\u00f4n lu\u00f4n ph\u1ea5n \u0111\u1ea5u \u0111\u1ec3 lu\u00f4n gi\u1eef v\u1ecb tr\u00ed l\u00e0 m\u1ed9t trong nh\u1eefng c\u00f4ng ty du l\u1ecbch h\u00e0ng \u0111\u1ea7u c\u1ee7a Vi\u1ec7t Nam v\u00e0 khu v\u1ef1c v\u1ec1 qui m\u00f4, ch\u1ea5t l\u01b0\u1ee3ng, uy t\u00edn v\u00e0 lu\u00f4n c\u00f3 t\u00ednh s\u00e1ng t\u1ea1o.<\/p>\n<p>&#8211; V\u1edbi ngu\u1ed3n nh\u00e2n l\u1ef1c d\u1ed3i d\u00e0o, \u0111\u1ed9i ng\u0169 nh\u00e2n vi\u00ean n\u0103ng \u0111\u1ed9ng v\u00e0 chuy\u00ean nghi\u1ec7p, t\u00e0i ch\u00ednh v\u1eefng m\u1ea1nh, kinh nghi\u1ec7m v\u00e0 uy t\u00edn trong nhi\u1ec1u l\u0129nh v\u1ef1c nh\u01b0 d\u1ecbch v\u1ee5 du l\u1ecbch, kh\u00e1ch s\u1ea1n, nh\u00e0 h\u00e0ng, v\u00e9 m\u00e1y bay, \u0111\u1ed9i ng\u0169 h\u01b0\u1edbng d\u1eabn vi\u00ean nhi\u1ec7t t\u00ecnh, chuy\u00ean nghi\u1ec7p, m\u1ed1i quan h\u1ec7 b\u1ec1n v\u1eefng v\u1edbi c\u00e1c \u0111\u1ed1i t\u00e1c l\u1edbn kh\u1eafp n\u01a1i tr\u00ean th\u1ebf gi\u1edbi, ch\u00fang t\u00f4i lu\u00f4n n\u1ed7 l\u1ef1c v\u00e0 ph\u00e1t huy m\u1ecdi ti\u1ec1m l\u1ef1c \u0111\u1ec3 mang \u0111\u1ebfn cho kh\u00e1ch h\u00e0ng nh\u1eefng s\u1ea3n ph\u1ea9m du l\u1ecbch, d\u1ecbch v\u1ee5 gi\u1ea3i tr\u00ed m\u1ed9t c\u00e1ch hi\u1ec7u qu\u1ea3 v\u00e0 gi\u00e1 tr\u1ecb nh\u1ea5t.<\/p>\n<p><strong>5. Tri\u1ebft l\u00fd kinh doanh:<\/strong><\/p>\n<p>&#8211; C\u00f9ng v\u1edbi s\u01b0u th\u1ebf h\u1ed9i nh\u1eadp v\u00e0 ph\u00e1t tri\u1ec3n b\u1ec1n v\u1eefng, ch\u00fang t\u00f4i lu\u00f4n coi tr\u1ecdng \u00fd th\u1ee9c tr\u00e1ch nhi\u1ec7m c\u1ee7a doanh nghi\u1ec7p \u0111\u1ed1i v\u1edbi c\u1ed9ng \u0111\u1ed3ng v\u00e0 m\u00f4i tr\u01b0\u1eddng, ph\u00e1t tri\u1ec3n c\u00e1c s\u1ea3n ph\u1ea9m v\u00e0 ho\u1ea1t \u0111\u1ed9ng kinh doanh tr\u00ean ti\u00eau ch\u00ed h\u00e0i h\u00f2a l\u1ee3i \u00edch doanh nghi\u1ec7p v\u1edbi c\u1ed9ng \u0111\u1ed3ng x\u00e3 h\u1ed9i, th\u00e2n thi\u1ec7n m\u00f4i tr\u01b0\u1eddng thi\u00ean nhi\u00ean.<\/p>\n<p><strong>6.Gi\u00e1 tr\u1ecb c\u1ed1t l\u00f5i:<\/strong><\/p>\n<p>&#8211; Lu\u00f4n tu\u00e2n th\u1ee7 c\u00e1c quy chu\u1ea9n v\u00e0 cam k\u1ebft ch\u1ea5t l\u01b0\u1ee3ng \u0111\u00e3 c\u00f4ng b\u1ed1 v\u1edbi kh\u00e1ch h\u00e0ng.<\/p>\n<p>&#8211; Xem ch\u1ea5t l\u01b0\u1ee3ng d\u1ecbch v\u1ee5 v\u00e0 s\u1ef1 ti\u1ec7n \u00edch c\u1ee7a kh\u00e1ch h\u00e0ng l\u00e0 ti\u00eau ch\u00ed h\u00e0ng \u0111\u1ea7u trong c\u00e1c \u0111\u1ecbnh h\u01b0\u1edbng v\u00e0 ho\u1ea1t \u0111\u1ed9ng kinh doanh c\u1ee7a ch\u00fang t\u00f4i.<\/p>\n<p>&#8211; Ti\u00ean phong trong vi\u1ec7c kh\u00e1m ph\u00e1 nh\u1eefng \u0111i\u1ec3m du l\u1ecbch m\u1edbi l\u1ea1, nh\u1eefng n\u01a1i xa s\u00f4i, mang \u0111\u1ebfn cho kh\u00e1ch h\u00e0ng nh\u1eefng l\u1ea7n tr\u1ea3i nghi\u1ec7m qua nh\u1eefng ch\u1eb7ng \u0111\u01b0\u1eddng kh\u00e1m ph\u00e1, du l\u1ecbch t\u00ecm hi\u1ec3u v\u1ebf c\u00e1c n\u1ec1n v\u0103n h\u00f3a m\u1ed9t c\u00e1ch c\u00f3 \u00fd ngh\u0129a nh\u1ea5t.<\/p>\n<\/div>\n","protected":false},"excerpt":{"rendered":"<p>C\u00d4NG TY C\u1ed4 PH\u1ea6N QU\u1ed0C T\u1ebe &amp; DU L\u1ecaCH VI\u1ec6T 1. L\u0129nh v\u1ef1c ho\u1ea1t \u0111\u1ed9ng &#8211; Kinh doanh l\u1eef h\u00e0nh n\u1ed9i \u0111\u1ecba v\u00e0 qu\u1ed1c t\u1ebf &#8211; D\u1ecbch v\u1ee5 v\u00e9 m\u00e1y bay &#8211; Trung t\u00e2m t\u1ed5 ch\u1ee9c s\u1ef1 ki\u1ec7n\u2013 MICE &#8211; Trung t\u00e2m du h\u1ecdc v\u00e0 d\u1ecbch v\u1ee5 visa &#8211; Trung t\u00e2m v\u1eadn chuy\u1ec3n &#8211; Kinh&#8230;<\/p>\n","protected":false},"author":1,"featured_media":0,"parent":0,"menu_order":0,"comment_status":"closed","ping_status":"closed","template":"page-left-sidebar.php","meta":[],"yoast_head":"<!-- This site is optimized with the Yoast SEO plugin v14.6.1 - https:\/\/yoast.com\/wordpress\/plugins\/seo\/ -->\n<title>Gi\u1edbi thi\u1ec7u - Vivutravel<\/title>\n<meta name=\"robots\" content=\"index, follow\" \/>\n<meta name=\"googlebot\" content=\"index, follow, max-snippet:-1, max-image-preview:large, max-video-preview:-1\" \/>\n<meta name=\"bingbot\" content=\"index, follow, max-snippet:-1, max-image-preview:large, max-video-preview:-1\" \/>\n<link rel=\"canonical\" href=\"https:\/\/demo.tamnguyen.vn\/dulich\/gioi-thieu\/\" \/>\n<meta property=\"og:locale\" content=\"vi_VN\" \/>\n<meta property=\"og:type\" content=\"article\" \/>\n<meta property=\"og:title\" content=\"Gi\u1edbi thi\u1ec7u - Vivutravel\" \/>\n<meta property=\"og:description\" content=\"C\u00d4NG TY C\u1ed4 PH\u1ea6N QU\u1ed0C T\u1ebe &amp; DU L\u1ecaCH VI\u1ec6T 1. L\u0129nh v\u1ef1c ho\u1ea1t \u0111\u1ed9ng &#8211; Kinh doanh l\u1eef h\u00e0nh n\u1ed9i \u0111\u1ecba v\u00e0 qu\u1ed1c t\u1ebf &#8211; D\u1ecbch v\u1ee5 v\u00e9 m\u00e1y bay &#8211; Trung t\u00e2m t\u1ed5 ch\u1ee9c s\u1ef1 ki\u1ec7n\u2013 MICE &#8211; Trung t\u00e2m du h\u1ecdc v\u00e0 d\u1ecbch v\u1ee5 visa &#8211; Trung t\u00e2m v\u1eadn chuy\u1ec3n &#8211; Kinh...\" \/>\n<meta property=\"og:url\" content=\"https:\/\/demo.tamnguyen.vn\/dulich\/gioi-thieu\/\" \/>\n<meta property=\"og:site_name\" content=\"Vivutravel\" \/>\n<meta property=\"article:modified_time\" content=\"2019-05-07T15:51:32+00:00\" \/>\n<meta name=\"twitter:card\" content=\"summary\" \/>\n<script type=\"application\/ld+json\" class=\"yoast-schema-graph\">{\"@context\":\"https:\/\/schema.org\",\"@graph\":[{\"@type\":\"WebSite\",\"@id\":\"https:\/\/demo.tamnguyen.vn\/dulich\/#website\",\"url\":\"https:\/\/demo.tamnguyen.vn\/dulich\/\",\"name\":\"Vivutravel\",\"description\":\"Tour\",\"potentialAction\":[{\"@type\":\"SearchAction\",\"target\":\"https:\/\/demo.tamnguyen.vn\/dulich\/?s={search_term_string}\",\"query-input\":\"required name=search_term_string\"}],\"inLanguage\":\"vi\"},{\"@type\":\"WebPage\",\"@id\":\"https:\/\/demo.tamnguyen.vn\/dulich\/gioi-thieu\/#webpage\",\"url\":\"https:\/\/demo.tamnguyen.vn\/dulich\/gioi-thieu\/\",\"name\":\"Gi\\u1edbi thi\\u1ec7u - Vivutravel\",\"isPartOf\":{\"@id\":\"https:\/\/demo.tamnguyen.vn\/dulich\/#website\"},\"datePublished\":\"2017-11-03T00:39:06+00:00\",\"dateModified\":\"2019-05-07T15:51:32+00:00\",\"inLanguage\":\"vi\",\"potentialAction\":[{\"@type\":\"ReadAction\",\"target\":[\"https:\/\/demo.tamnguyen.vn\/dulich\/gioi-thieu\/\"]}]}]}<\/script>\n<!-- \/ Yoast SEO plugin. -->","_links":{"self":[{"href":"https:\/\/demo.tamnguyen.vn\/dulich\/wp-json\/wp\/v2\/pages\/209"}],"collection":[{"href":"https:\/\/demo.tamnguyen.vn\/dulich\/wp-json\/wp\/v2\/pages"}],"about":[{"href":"https:\/\/demo.tamnguyen.vn\/dulich\/wp-json\/wp\/v2\/types\/page"}],"author":[{"embeddable":true,"href":"https:\/\/demo.tamnguyen.vn\/dulich\/wp-json\/wp\/v2\/users\/1"}],"replies":[{"embeddable":true,"href":"https:\/\/demo.tamnguyen.vn\/dulich\/wp-json\/wp\/v2\/comments?post=209"}],"version-history":[{"count":4,"href":"https:\/\/demo.tamnguyen.vn\/dulich\/wp-json\/wp\/v2\/pages\/209\/revisions"}],"predecessor-version":[{"id":613,"href":"https:\/\/demo.tamnguyen.vn\/dulich\/wp-json\/wp\/v2\/pages\/209\/revisions\/613"}],"wp:attachment":[{"href":"https:\/\/demo.tamnguyen.vn\/dulich\/wp-json\/wp\/v2\/media?parent=209"}],"curies":[{"name":"wp","href":"https:\/\/api.w.org\/{rel}","templated":true}]}}