{"id":565,"date":"2019-03-02T19:00:01","date_gmt":"2019-03-02T12:00:01","guid":{"rendered":"https:\/\/demo.tamnguyen.vn\/dulich\/?post_type=product&#038;p=565"},"modified":"2019-03-02T19:00:01","modified_gmt":"2019-03-02T12:00:01","slug":"du-lich-lien-tuyen-au-dubai-y","status":"publish","type":"product","link":"https:\/\/demo.tamnguyen.vn\/dulich\/du-lich-lien-tuyen-au-dubai-y\/","title":{"rendered":"Du l\u1ecbch li\u00ean tuy\u1ebfn \u00c1 &#8211; \u00c2u: Dubai &#8211; \u00dd"},"content":{"rendered":"<h2 class=\"article-title-list\">Du l\u1ecbch li\u00ean tuy\u1ebfn \u00c1 &#8211; \u00c2u: Dubai &#8211; \u00dd<\/h2>\n","protected":false},"excerpt":{"rendered":"<p>Du l\u1ecbch li\u00ean tuy\u1ebfn \u00c1 &#8211; \u00c2u: Dubai &#8211; \u00dd<\/p>\n","protected":false},"featured_media":566,"comment_status":"open","ping_status":"closed","template":"","meta":[],"yoast_head":"<!-- This site is optimized with the Yoast SEO plugin v14.6.1 - https:\/\/yoast.com\/wordpress\/plugins\/seo\/ -->\n<title>Du l\u1ecbch li\u00ean tuy\u1ebfn \u00c1 - \u00c2u: Dubai - \u00dd - Vivutravel<\/title>\n<meta name=\"robots\" content=\"index, follow\" \/>\n<meta name=\"googlebot\" content=\"index, follow, max-snippet:-1, max-image-preview:large, max-video-preview:-1\" \/>\n<meta name=\"bingbot\" content=\"index, follow, max-snippet:-1, max-image-preview:large, max-video-preview:-1\" \/>\n<link rel=\"canonical\" href=\"https:\/\/demo.tamnguyen.vn\/dulich\/du-lich-lien-tuyen-au-dubai-y\/\" \/>\n<meta property=\"og:locale\" content=\"vi_VN\" \/>\n<meta property=\"og:type\" content=\"article\" \/>\n<meta property=\"og:title\" content=\"Du l\u1ecbch li\u00ean tuy\u1ebfn \u00c1 - \u00c2u: Dubai - \u00dd - Vivutravel\" \/>\n<meta property=\"og:description\" content=\"Du l\u1ecbch li\u00ean tuy\u1ebfn \u00c1 &#8211; \u00c2u: Dubai &#8211; \u00dd\" \/>\n<meta property=\"og:url\" content=\"https:\/\/demo.tamnguyen.vn\/dulich\/du-lich-lien-tuyen-au-dubai-y\/\" \/>\n<meta property=\"og:site_name\" content=\"Vivutravel\" \/>\n<meta property=\"og:image\" content=\"https:\/\/demo.tamnguyen.vn\/dulich\/wp-content\/uploads\/2019\/03\/du-lich-dubai-1.1.jpg\" \/>\n\t<meta property=\"og:image:width\" content=\"500\" \/>\n\t<meta property=\"og:image:height\" content=\"332\" \/>\n<meta name=\"twitter:card\" content=\"summary\" \/>\n<script type=\"application\/ld+json\" class=\"yoast-schema-graph\">{\"@context\":\"https:\/\/schema.org\",\"@graph\":[{\"@type\":\"WebSite\",\"@id\":\"https:\/\/demo.tamnguyen.vn\/dulich\/#website\",\"url\":\"https:\/\/demo.tamnguyen.vn\/dulich\/\",\"name\":\"Vivutravel\",\"description\":\"Tour\",\"potentialAction\":[{\"@type\":\"SearchAction\",\"target\":\"https:\/\/demo.tamnguyen.vn\/dulich\/?s={search_term_string}\",\"query-input\":\"required name=search_term_string\"}],\"inLanguage\":\"vi\"},{\"@type\":\"ImageObject\",\"@id\":\"https:\/\/demo.tamnguyen.vn\/dulich\/du-lich-lien-tuyen-au-dubai-y\/#primaryimage\",\"inLanguage\":\"vi\",\"url\":\"https:\/\/demo.tamnguyen.vn\/dulich\/wp-content\/uploads\/2019\/03\/du-lich-dubai-1.1.jpg\",\"width\":500,\"height\":332,\"caption\":\"The 200-story Burj Khalifa building stands in Dubai, United Arab Emirates, on Monday, Jan. 4, 2010. Dubai's Sheikh Mohammed bin Rashid Al Maktoum opened the world's tallest tower today and renamed it the Burj Khalifa after the ruler of neighboring Abu Dhabi, which bailed out Dubai during the country's debt crisis last year. Photographer: Charles Crowell\/Bloomberg\"},{\"@type\":\"WebPage\",\"@id\":\"https:\/\/demo.tamnguyen.vn\/dulich\/du-lich-lien-tuyen-au-dubai-y\/#webpage\",\"url\":\"https:\/\/demo.tamnguyen.vn\/dulich\/du-lich-lien-tuyen-au-dubai-y\/\",\"name\":\"Du l\\u1ecbch li\\u00ean tuy\\u1ebfn \\u00c1 - \\u00c2u: Dubai - \\u00dd - Vivutravel\",\"isPartOf\":{\"@id\":\"https:\/\/demo.tamnguyen.vn\/dulich\/#website\"},\"primaryImageOfPage\":{\"@id\":\"https:\/\/demo.tamnguyen.vn\/dulich\/du-lich-lien-tuyen-au-dubai-y\/#primaryimage\"},\"datePublished\":\"2019-03-02T12:00:01+00:00\",\"dateModified\":\"2019-03-02T12:00:01+00:00\",\"inLanguage\":\"vi\",\"potentialAction\":[{\"@type\":\"ReadAction\",\"target\":[\"https:\/\/demo.tamnguyen.vn\/dulich\/du-lich-lien-tuyen-au-dubai-y\/\"]}]}]}<\/script>\n<!-- \/ Yoast SEO plugin. -->","_links":{"self":[{"href":"https:\/\/demo.tamnguyen.vn\/dulich\/wp-json\/wp\/v2\/product\/565"}],"collection":[{"href":"https:\/\/demo.tamnguyen.vn\/dulich\/wp-json\/wp\/v2\/product"}],"about":[{"href":"https:\/\/demo.tamnguyen.vn\/dulich\/wp-json\/wp\/v2\/types\/product"}],"replies":[{"embeddable":true,"href":"https:\/\/demo.tamnguyen.vn\/dulich\/wp-json\/wp\/v2\/comments?post=565"}],"wp:featuredmedia":[{"embeddable":true,"href":"https:\/\/demo.tamnguyen.vn\/dulich\/wp-json\/wp\/v2\/media\/566"}],"wp:attachment":[{"href":"https:\/\/demo.tamnguyen.vn\/dulich\/wp-json\/wp\/v2\/media?parent=565"}],"curies":[{"name":"wp","href":"https:\/\/api.w.org\/{rel}","templated":true}]}}

Du lịch liên tuyến Á &#8211; Âu: Dubai &#8211; Ý

<h2 class="article-title-list">Du lịch liên tuyến Á &#8211; Âu: Dubai &#8211; Ý</h2>

<p>Du lịch liên tuyến Á &#8211; Âu: Dubai &#8211; Ý</p>

<!-- This site is optimized with the Yoast SEO plugin v14.6.1 - https://yoast.com/wordpress/plugins/seo/ -->
<title>Du lịch liên tuyến Á - Âu: Dubai - Ý - Vivutravel</title>
<meta name="robots" content="index, follow" />
<meta name="googlebot" content="index, follow, max-snippet:-1, max-image-preview:large, max-video-preview:-1" />
<meta name="bingbot" content="index, follow, max-snippet:-1, max-image-preview:large, max-video-preview:-1" />
<link rel="canonical" href="https://demo.tamnguyen.vn/dulich/du-lich-lien-tuyen-au-dubai-y/" />
<meta property="og:locale" content="vi_VN" />
<meta property="og:type" content="article" />
<meta property="og:title" content="Du lịch liên tuyến Á - Âu: Dubai - Ý - Vivutravel" />
<meta property="og:description" content="Du lịch liên tuyến Á &#8211; Âu: Dubai &#8211; Ý" />
<meta property="og:url" content="https://demo.tamnguyen.vn/dulich/du-lich-lien-tuyen-au-dubai-y/" />
<meta property="og:site_name" content="Vivutravel" />
<meta property="og:image" content="https://demo.tamnguyen.vn/dulich/wp-content/uploads/2019/03/du-lich-dubai-1.1.jpg" />
	<meta property="og:image:width" content="500" />
	<meta property="og:image:height" content="332" />
<meta name="twitter:card" content="summary" />
<script type="application/ld+json" class="yoast-schema-graph">{"@context":"https://schema.org","@graph":[{"@type":"WebSite","@id":"https://demo.tamnguyen.vn/dulich/#website","url":"https://demo.tamnguyen.vn/dulich/","name":"Vivutravel","description":"Tour","potentialAction":[{"@type":"SearchAction","target":"https://demo.tamnguyen.vn/dulich/?s={search_term_string}","query-input":"required name=search_term_string"}],"inLanguage":"vi"},{"@type":"ImageObject","@id":"https://demo.tamnguyen.vn/dulich/du-lich-lien-tuyen-au-dubai-y/#primaryimage","inLanguage":"vi","url":"https://demo.tamnguyen.vn/dulich/wp-content/uploads/2019/03/du-lich-dubai-1.1.jpg","width":500,"height":332,"caption":"The 200-story Burj Khalifa building stands in Dubai, United Arab Emirates, on Monday, Jan. 4, 2010. Dubai's Sheikh Mohammed bin Rashid Al Maktoum opened the world's tallest tower today and renamed it the Burj Khalifa after the ruler of neighboring Abu Dhabi, which bailed out Dubai during the country's debt crisis last year. Photographer: Charles Crowell/Bloomberg"},{"@type":"WebPage","@id":"https://demo.tamnguyen.vn/dulich/du-lich-lien-tuyen-au-dubai-y/#webpage","url":"https://demo.tamnguyen.vn/dulich/du-lich-lien-tuyen-au-dubai-y/","name":"Du l\u1ecbch li\u00ean tuy\u1ebfn \u00c1 - \u00c2u: Dubai - \u00dd - Vivutravel","isPartOf":{"@id":"https://demo.tamnguyen.vn/dulich/#website"},"primaryImageOfPage":{"@id":"https://demo.tamnguyen.vn/dulich/du-lich-lien-tuyen-au-dubai-y/#primaryimage"},"datePublished":"2019-03-02T12:00:01+00:00","dateModified":"2019-03-02T12:00:01+00:00","inLanguage":"vi","potentialAction":[{"@type":"ReadAction","target":["https://demo.tamnguyen.vn/dulich/du-lich-lien-tuyen-au-dubai-y/"]}]}]}</script>
<!-- / Yoast SEO plugin. -->
